l - 1. Calculate m(-1).
-10
Let f(y) = -y**2 + 5*y + 16. Determine f(7).
2
Let x(q) = 4*q - 8. Determine x(6).
16
Let q(o) = -o**2 - 8*o + 14. Give q(-10).
-6
Let a(h) = h**3 - 7*h**2 - 6*h - 14. Determine a(8).
2
Let z(l) = 31*l - 1. Give z(1).
30
Let i(w) = -w**3 - 10*w**2 - 11*w - 10. Determine i(-9).
8
Let h(m) = -3*m - 1. Determine h(-3).
8
Let w(t) = -t**3 - 5*t**2 + t + 10. Determine w(-5).
5
Let c(z) = z**2 - 13*z - 6. Calculate c(13).
-6
Let j(p) = -p**2 + 17*p - 8. Calculate j(17).
-8
Let w(v) = v**3 - 8*v**2 - 3*v + 8. Determine w(7).
-62
Let y(m) = -4*m + 6. Calculate y(-6).
30
Let z(y) = -19*y - 184. Give z(-10).
6
Let t(s) = -s**2 + 17*s + 22. Give t(18).
4
Let q(l) = -39*l**2 + l - 2. Give q(-1).
-42
Let w(k) = k**3 - k**2 - 2*k - 2. Calculate w(0).
-2
Let a(l) = -l**2 + 2*l + 27. Give a(-3).
12
Let u(z) = z**2 + 16*z + 6. What is u(-15)?
-9
Let r(l) = -l**2 - 13*l - 12. Give r(-11).
10
Let z(y) = y**3 - 11*y**2 - 27. What is z(11)?
-27
Let z(q) = -31*q - 2205. Calculate z(-71).
-4
Let j(w) = 65*w**3 - 2*w**2 + w + 1. Calculate j(-1).
-67
Let p(v) = 10*v - 101. Give p(11).
9
Let l(o) = -o**2 - o + 12. What is l(-5)?
-8
Let x(r) = -r**3 - 9*r**2 + 35*r - 17. What is x(-12)?
-5
Let k(s) = -5*s - 66. Determine k(-11).
-11
Let z(s) = -2*s**2 - 56*s - 4. What is z(-28)?
-4
Let v(w) = -w**3 + 6*w**2 - 5*w - 6. Calculate v(3).
6
Let k(a) = a. Calculate k(0).
0
Let i(b) = b**2 + 11*b - 70. Determine i(-16).
10
Let u(b) = -2*b**2 - 4*b + 9. Give u(4).
-39
Let l(z) = 11*z - 352. Determine l(33).
11
Let v(g) = -3*g**3 - 2*g. Determine v(1).
-5
Let o(i) = 26*i**2 + 16*i - 15. Give o(1).
27
Let r(x) = -4*x**3 - 2*x**2 - 2*x - 1. Calculate r(-2).
27
Let k(y) = -12*y + 3. Determine k(-3).
39
Let f(c) = c**2 + 18*c - 81. Give f(-22).
7
Let a(g) = g**3 - 18*g**2 - 39*g + 25. Determine a(20).
45
Let f(l) = -l**2 + 32*l - 39. Determine f(31).
-8
Let a(z) = -z**2 + 16*z - 39. Give a(6).
21
Let q(u) = u - 9. What is q(20)?
11
Let y(g) = -2*g + 1. Determine y(1).
-1
Let w(q) = q**3 - 11*q**2 + q - 16. Determine w(11).
-5
Let j(d) = 2*d**3 + 2*d**2 - 4*d + 1. Give j(-3).
-23
Let s(z) = 6*z**3 + z**2 + z - 1. What is s(1)?
7
Let o(g) = -g - 21. Determine o(-25).
4
Let s(k) = -k + 19. Give s(7).
12
Let c(k) = 2*k + 147. What is c(-74)?
-1
Let v(b) = 53*b + 322. What is v(-6)?
4
Let j(v) = -4*v**2 - 14*v - 1. Determine j(-4).
-9
Let s(o) = -o**2 + 6*o + 8. Give s(8).
-8
Let b(y) = -y**3 + 12*y**2 - 12*y - 13. Give b(11).
-24
Let l(t) = t**3 - 9*t**2 - t + 5. What is l(9)?
-4
Let c(o) = o + 11. What is c(-22)?
-11
Let u(n) = 9*n**2 + n. Give u(1).
10
Let r(w) = w**3 - 12*w**2 - 2*w - 8. Give r(13).
135
Let q(g) = -g**3 - 10*g**2 - 1. Give q(-10).
-1
Let x(g) = -10*g - 11. Determine x(-2).
9
Let g(v) = 9*v**2. Give g(1).
9
Let a(d) = -d**2 - 22*d - 116. Determine a(-10).
4
Let b(g) = 6*g. Calculate b(-4).
-24
Let d(x) = -2*x**2 + 23*x + 11. Give d(11).
22
Let f(w) = -w**3 + 7*w**2 + 2*w + 12. What is f(8)?
-36
Let y(o) = 101*o + 497. Give y(-5).
-8
Let o(v) = -v**2 - 11*v - 8. Determine o(-8).
16
Let b(n) = 3*n + 6. Give b(-16).
-42
Let x(u) = 5*u**2 - 22*u + 8. What is x(4)?
0
Let h(l) = l**3 - 6*l - 7. What is h(-3)?
-16
Let u(x) = x**2 + x - 62. Determine u(0).
-62
Let b(y) = -y**2 - y + 23. Calculate b(0).
23
Let z(b) = b**3 - 9*b**2 - 11*b + 12. What is z(10)?
2
Let j(a) = -a**2 - 9*a + 2. Determine j(-11).
-20
Let v(z) = -14*z - 381. Determine v(-27).
-3
Let b(o) = -4*o + 26. What is b(11)?
-18
Let z(a) = 5*a**3 - 3*a**2 - a + 3. What is z(1)?
4
Let a(p) = p**3 - 6*p**2 - p + 9. Determine a(6).
3
Let m(j) = 8*j - 3. Calculate m(1).
5
Let m(q) = 4*q + 78. Determine m(-26).
-26
Let g(j) = 2*j**3 - 24*j**2 - 24*j + 2. Calculate g(13).
28
Let i(y) = -y**2 - 5*y + 4. Give i(-8).
-20
Let m(b) = b**2 - 25*b + 79. Calculate m(4).
-5
Let s(z) = 3*z - 5. What is s(-3)?
-14
Let l(t) = -2*t**3 - 6*t**2 - 3. Give l(-3).
-3
Let o(n) = n**3 - 7*n**2 - 7*n - 6. Calculate o(8).
2
Let n(m) = -4*m**2 + 23*m - 16. Determine n(5).
-1
Let a(d) = -d**3 + 18*d**2 - 17*d - 12. Give a(17).
-12
Let y(d) = d**3 + 13*d**2 + 19*d - 155. What is y(-7)?
6
Let n(u) = -u**3 + 6*u**2 + 10*u - 10. What is n(8)?
-58
Let p(q) = q**2 + q + 9. Give p(0).
9
Let d(z) = 2*z**3 + 48*z**2 + 2*z + 54. Calculate d(-24).
6
Let u(p) = -p**2 + 10*p - 12. Determine u(8).
4
Let g(h) = h**2 + 5*h + 2. Give g(-3).
-4
Let a(z) = -8*z**2 - 4*z + 3. Give a(2).
-37
Let c(y) = 11*y + 148. Give c(-13).
5
Let o(q) = q**3 + 7*q**2 - 5*q + 3. Calculate o(-6).
69
Let s(n) = -7*n + 2. Determine s(-6).
44
Let r(c) = -c**3 + 6*c**2 + 3*c - 20. Calculate r(6).
-2
Let r(b) = b**3 + b**2 - 9*b - 3. Give r(4).
41
Let f(q) = 48*q + 2114. Calculate f(-44).
2
Let s(z) = -z**2 + 7*z + 23. Determine s(9).
5
Let c(h) = 4*h + 22. Calculate c(-7).
-6
Let k(i) = 2*i**2 - 6*i + 37. Give k(6).
73
Let a(z) = -3*z**2 - 4*z + 7. What is a(3)?
-32
Let n(r) = -r**3 + 12*r**2 + 2*r - 19. Determine n(12).
5
Let k(n) = -n + 6. What is k(-5)?
11
Let a(g) = -g**3 + 26*g**2 - 26*g + 8. Give a(25).
-17
Let x(s) = 10*s. Determine x(-2).
-20
Let y(u) = -6*u + 104. Give y(19).
-10
Let i(p) = -3*p - 14. Calculate i(-3).
-5
Let p(d) = 9*d**3 - 3*d**2 + 4*d + 3. What is p(3)?
231
Let c(q) = q**3 + 5*q**2 - q + 6. Give c(-6).
-24
Let t(k) = 38*k - 40. Give t(1).
-2
Let c(b) = b**2 + 8*b + 10. What is c(-5)?
-5
Let c(a) = a**2 - a - 3. Determine c(-8).
69
Let w(x) = -3*x**2 + 17*x + 30. Determine w(7).
2
Let d(i) = 4*i**3 + 65*i**2 + 16*i - 1. Determine d(-16).
-1
Let v(s) = 2*s - 1. What is v(-8)?
-17
Let u(c) = -c**3 - 11*c**2 - 28*c - 11. Give u(-8).
21
Let u(g) = -17*g - 425. Determine u(-25).
0
Let k(u) = -2*u**3 + 2*u**2 - 2*u + 38. What is k(0)?
38
Let k(i) = 3*i**2 + 12*i + 9. Calculate k(-10).
189
Let b(s) = s**3 - 2*s**2 - 13*s - 3. What is b(4)?
-23
Let w(v) = -v**3 - 8*v**2 + v - 13. Give w(-7).
-69
Let f(d) = 5*d + 39. What is f(-6)?
9
Let s(x) = -x**3 - 8*x**2 + 10*x + 28. What is s(-9)?
19
Let s(n) = n**3 - 8*n**2 - 5*n + 12. What is s(8)?
-28
Let q(x) = x**3 + 6*x**2 + 5*x + 5. Determine q(-5).
5
Let v(u) = -25*u + 1. Give v(1).
-24
Let h(k) = -k**3 + 20*k**2 - 17*k - 16. Determine h(19).
22
Let x(i) = -i**3 - 10*i**2 - 10*i + 5. Calculate x(-8).
-43
Let c(u) = -u**3 + 14*u**2 - 16*u + 26. Give c(13).
-13
Let i(p) = p**3 - 12*p**2 + p - 12. What is i(12)?
0
Let f(z) = 3*z + 28. Determine f(0).
28
Let f(c) = c**2 - 63*c + 826. Calculate f(44).
-10
Let m(j) = j**2 + 17*j + 10. What is m(-18)?
28
Let o(f) = f**3 - 11*f**2 - f + 9. Determine o(11).
-2
Let d(l) = l**2 + 10*l - 29. Calculate d(-12).
-5
Let b(t) = 3*t - 33. What is b(25)?
42
Let i(g) = 16*g - 162. Determine i(9).
-18
Let d(j) = -j**3 + 13*j**2 - 7*j + 117. Calculate d(13).
26
Let p(q) = -14*q**2 - 2*q + 3. Give p(1).
-13
Let j(i) = -i**2 + 4*i - 3. Give j(5).
-8
Let l(m) = -2*m**3 - 3*m**2 - m + 2. Determine l(-3).
32
Let c(p) = 2*p - 1. Calculate c(-4).
-9
Let w(b) = -28*b + 11. Determine w(2).
-45
Let i(l) = l**3 - 10*l**2 + 11*l + 4. Give i(9).
22
Let h(x) = x**2 - 11*x + 11. Give h(11).
11
Let s(q) = q**2 - 7*q + 4. Give s(4).
-8
Let b(n) = n**2 + 21*n + 27. Determine b(-16).
-53
Let u(j) = j - 13. What is u(15)?
2
Let z(d) = d**2 - 14*d - 1. Calculate z(14).
-1
Let t(n) = -n**2 + 4*n + 13. Calculate t(6).
1
Let k(l) = -23*l - 163. What is k(-7)?
-2
Let r(b) = -b**2 + 6*b + 17. Give r(-3).
-10
Let d(j) = -j - 2. Give d(-8).
6
Let b(m) = -9*m + 3. Give b(-8).
75
Let k(j) = -j**2 + 9*j - 16. What is k(6)?
2
Let r(y) = 11*y + 478. Determine r(-43).
5
Let n(v) = -v**3 - 28*v**2 + 31*v + 61. What is n(-29)?
3
Let b(n) = -n - 6. Calculate b(-10).
4
Let b(d) = -7*d + 178. Calculate b(25).
3
Let g(i) = 3*i + 4. What is g(-5)?
-11
Let r(p) = 2*p - 12. Determine r(17).
22
Let x(f) = -f**3 - 13*f**2 + 31*f + 6. Give x(-15).
-9
Let o(j) = -17*j + 2. What is o(2)?
-32
Let m(b) = -b**3 - 15*b**2 + 5*b + 84. Calculate m(-15).
9
Let v(m) = 15*m. What is v(-2)?
-30
Let t(o) = 12*o + 2. What is t(-1)?
-10
Let j(m) = -5*m**2 - 5*m + 4. Calculate j(1).
-6
Let k(n) = -n**2 + 6*n - 10. What is k(5)?
-5
Let h(g) = 3*g**2 + 101*g - 29. What is h(-34)?
5
Let l(p) = -p**3 - 4*p**2 + 5*p. Give l(-4).
-20
Let s(b) = -3*b**2 + 7*b - 1. What is s(-1)?
-11
Let f(q) = q. What is f(5)?
5
Let y(a) =